) = -3*g**2 + 5*g + 13. Let c(i) = -2*h(i) - 7*z(i). What is the remainder when 74 is divided by c(-3)?
24
Let d = 719 + -706. Let y = -4 + 4. Suppose y*w - 24 = -w. What is the remainder when w is divided by d?
11
Calculate the remainder when ((-18)/(-15) - (-1)/(-5))*321 is divided by 13.
9
Suppose 35*s = 14*s + 1386. Calculate the remainder when 523 is divided by s.
61
Suppose 0 = o - 2*y - 4, 4*o - y - 5 = 4. Calculate the remainder when 38 is divided by o.
0
Let h(b) be the third derivative of -2*b**3 + 1/6*b**4 + 0*b - 7*b**2 + 0. What is the remainder when 29 is divided by h(7)?
13
Let q = -245 - -253. Let i = -9 + 33. Let l = i - 11. Calculate the remainder when l is divided by q.
5
Suppose 386*r - 2328 = 382*r. What is the remainder when r is divided by 13?
10
Suppose -3*w + 851 = 680. What is the remainder when 113 is divided by w?
56
Suppose 0 = 2*f + 6, -5*f + 2*f = y - 100. Suppose -2*p + 67 = -y. Calculate the remainder when p is divided by 13.
10
Let g be (3 - 3)/(-1) - 70. Let v = -43 - g. Calculate the remainder when v is divided by 6.
3
Let t(d) = d**3 - 4*d**2 - 18*d - 7. Calculate the remainder when 480 is divided by t(9).
8
Let b = -19 - -10. Let t = b + 17. Suppose 3*j + t = p, -p = -2*j + 7*j - 40. What is the remainder when p is divided by 11?
9
Suppose -4*s = 2*j - 9 - 35, 2*j = -3*s + 49. Let o = 13 - 10. Suppose -2*k + 198 = 2*m, 0*m - 267 = -o*k + 3*m. Calculate the remainder when k is divided by j.
30
Let a be (0 - -2)/((-4)/(-40)). Suppose 7*p - 11*p + a = 0. Calculate the remainder when ((-10)/(-4))/(p/30) is divided by 9.
6
Suppose 12 = -4*f, f = -4*q + 3 - 6. Suppose q = 2*u - 4 - 2. Suppose -2*y = -u - 3. What is the remainder when 5 is divided by y?
2
Let z = 170 - 150. Calculate the remainder when 60 is divided by z.
0
Let t(o) = o**3 - 4*o**2 - 4*o - 7. Calculate the remainder when t(6) is divided by ((-32)/(-10) - 2)*(-25)/(-2).
11
Suppose 20 = 4*m, -3*m - 2*m = 3*b - 3391. Suppose -b = -61*y + 55*y. What is the remainder when y is divided by 38?
35
Let m be -3 - (-3 - -5)/1. Let t(l) = -6*l - 12. Calculate the remainder when 33 is divided by t(m).
15
Let o be ((-30)/(-8))/(45/480). Suppose -8*f + 4*f = -o. Suppose v - 4 = -5*b, -f = -4*b + v - 5. Calculate the remainder when 3 is divided by b.
0
Let j = -2 + 16. Suppose 4*f + 13 = -5*n, 5*f - 5 = n + 15. Suppose -201 = -3*h + f. Calculate the remainder when h is divided by j.
12
Calculate the remainder when 5 - 5 - (-350)/2 is divided by 16.
15
Suppose 24*q - 356 = 148. Suppose -2*c - 5*f + 10 = 0, 3*f = -5*c + 7 - 1. Suppose c = g - 6 - 0. What is the remainder when q is divided by g?
3
Suppose 3*f + 3*k + 2*k - 28 = 0, 0 = -f - 3*k + 16. Suppose f + 9 = h. Suppose c + b = 2*b + 23, 15 = 3*b. Calculate the remainder when c is divided by h.
8
Suppose -4*x - 12 = 0, 9*x - 4*x = -3*f + 21. Let t(q) = -8*q + 3. What is the remainder when t(-7) is divided by f?
11
Suppose n - 5*f + 0*f = 24, -4*n + 5*f + 51 = 0. Calculate the remainder when 273 is divided by n.
3
Let q(v) = -v**2 - 33*v + 157. Calculate the remainder when q(-37) is divided by 5.
4
What is the remainder when 2/(-9) - (2348/(-36) + 3) is divided by 34?
28
Let n(o) = 10*o**2 - 16*o + 71. Calculate the remainder when n(4) is divided by 61.
45
Calculate the remainder when 144 is divided by (-10)/(-25)*-1 + (-1182)/(-30).
27
Let c = -14 - -15. What is the remainder when (0 - c)/((-6)/294) is divided by 25?
24
Let c(u) = 8*u**2 - 5*u - 4. What is the remainder when 43 is divided by c(-1)?
7
Let q = 2427 + -2203. Calculate the remainder when q is divided by 66.
26
Suppose 2*s = 5*s - 126. Let q = -1032 - -1048. Calculate the remainder when s is divided by q.
10
What is the remainder when ((-53)/(-212))/(1/408) is divided by 21?
18
Calculate the remainder when (-1380)/(-8) + (-2)/(-4) is divided by 39 - (17 + 3)/(-4).
41
Let l be 0*(-4)/4*1. Suppose 12 = 3*o - l. Suppose -9 = -o*t + 379. What is the remainder when t is divided by 25?
22
Let c = -9 + 12. Suppose -c*q - 22 - 50 = 0. Calculate the remainder when 19 is divided by 2/(-6) + (-128)/q.
4
Let i(y) = -14*y**2 - 132*y + 17. What is the remainder when i(-9) is divided by 17?
3
Suppose 4*g - 9 = g. Suppose i - 11 + 0 = -l, -i - 25 = -g*l. Let v = -13 + 16. Calculate the remainder when l is divided by v.
0
Let v(u) = 5*u**3 + u**2 - u - 1. Suppose 4*w = -5*t + 24, -3*w - 5*t = -4*t - 7. What is the remainder when 18 is divided by v(w)?
2
Let y(m) = -m**3 + 7*m**2 + 7*m + 3. Let s = -1159 - -1260. What is the remainder when s is divided by y(7)?
49
Let a = -60 + 63. Suppose 5*q - 3*g = 0, 4*q + 1 + 2 = a*g. What is the remainder when 3 is divided by q?
0
Suppose -4*t - y - 4 = 8, 0 = -4*y + 16. Let k(f) = f**2 + 2*f + 11. Calculate the remainder when 93 is divided by k(t).
17
Let b be (-14)/(-4)*(-1 - -3). What is the remainder when 32 is divided by 2/(2/b) + 2?
5
Let s = 2 + -18. Let u = -16 - s. Suppose 2*k - 52 = 3*f, u = f - 3*f + 4. Calculate the remainder when k is divided by 10.
9
Let p = 1112 - 1079. Calculate the remainder when 791 is divided by p.
32
Suppose -2*p + 135 = p. Calculate the remainder when 311 is divided by p.
41
Suppose 2*u = -61 + 121. Calculate the remainder when 148 is divided by u.
28
Suppose -34*z = -7*z - 918. What is the remainder when 120 is divided by z?
18
Let n = -13 + 25. Suppose 0 = -17*r + 344 + 492 + 167. What is the remainder when r is divided by n?
11
Let l = 818 - 699. Calculate the remainder when l is divided by 20.
19
Let p(h) be the second derivative of -3*h**5/20 + 4*h**3/3 + 2*h**2 - h. Let j be p(-3). Let r = j + -36. What is the remainder when r is divided by 15?
10
Let o be ((-8)/(-7))/((-4)/(-14)). Suppose 130 = -o*g + b, -4*b = -2*g - b - 70. Calculate the remainder when -3*4/6 - g is divided by 11.
8
Calculate the remainder when 275 is divided by (19/(-4))/(4/32*-2).
9
Let m(h) = 2*h**2 + h - 1. Let j be m(-3). Suppose j*p = 10*p + 272. What is the remainder when p is divided by 24?
20
Let o = -625 + 639. What is the remainder when 321 is divided by o?
13
Let j = -36 - -24. What is the remainder when 78 is divided by 4/j + 1 + 174/9?
18
Suppose -5*b - 1309 = -3*p - 3998, 0 = -3*b + 3*p + 1611. What is the remainder when b is divided by 36?
35
Let f(c) = -23*c**3 + c**2 - 3*c - 3. Let p be f(-1). Suppose 4*b + 5*s = 54, -5*s - 2 = -b + p. What is the remainder when b is divided by 9?
7
Let r(o) = -16*o - 26. Calculate the remainder when r(-8) is divided by 27.
21
Let r = 1069 - 1046. What is the remainder when r is divided by 14?
9
Let u(w) = 4*w. Let y(j) = -j**2 - 10*j - 19. Let c be y(-8). Let r be u(c). What is the remainder when 50 is divided by (-8)/6*117/r?
11
Let a = 291 + -266. Calculate the remainder when 49 is divided by a.
24
Let u(y) = -3*y - 10. Let o be u(-4). Suppose -o*t - 2*x + 30 = 0, 37 = 3*t - x + 4. Calculate the remainder when t is divided by 7.
5
Let c(y) = -y**3 - 7*y**2 - 6*y - 4. Let g be c(-5). Suppose 8*a = 12*a - 52. Calculate the remainder when a is divided by (2/(-3))/(2/g).
5
Let d = 134 - -165. What is the remainder when d/7 - 6/(-21) is divided by 16?
11
Let q = 3 + -6. Suppose 14 + 67 = 3*h. Calculate the remainder when h is divided by 2/q*(-42)/4.
6
Let y = 605 - 590. Calculate the remainder when 94 is divided by y.
4
Suppose -2*k - 96 = n, -k + 2*n = 4*n + 51. Let d = k - -57. Calculate the remainder when d is divided by 3.
1
Suppose 0 = -12*q + 52*q - 7600. Calculate the remainder when q is divided by 12.
10
Suppose -82*j + 670 = -77*j. What is the remainder when j is divided by 34?
32
Let u = 55 - 128. Let t = u + 82. What is the remainder when 15 is divided by t?
6
Let f = 1657 + -1654. Let v = -10 - -14. Suppose z = -4*z + v*t + 51, 55 = 5*z - 5*t. What is the remainder when z is divided by f?
1
Let t(d) = d**2 - 1. Let b(k) = k**3 - k**2 - 55*k + 8. What is the remainder when b(8) is divided by t(2)?
1
Suppose -4*i - 2*u + 0 = 6, 0 = 4*i + 4*u. Let l = -13 - i. What is the remainder when 40/16*l/(-1) is divided by 14?
11
Suppose -149 + 386 = 2*o + 5*s, -4*o + s + 507 = 0. Let f be ((-2)/6)/((-2)/o). Let u = f - 3. What is the remainder when 34 is divided by u?
16
What is the remainder when 808 is divided by ((-13)/((-364)/(-120)))/(1/(-7))?
28
Let f =